hat is the tens digit of (-12)/30 + 92/5?
1
Let j(n) = n**2 + 11*n + 13. Let d(l) = l - 10. Let k be d(0). Let t be j(k). Suppose -14 = 2*v - t*v. What is the units digit of v?
4
Suppose r - 19 = 3*a - 0, -4*r - 5*a + 110 = 0. What is the tens digit of r?
2
Let w be 10*1/(5/2). Suppose i = s, i = 4*s + w - 19. Let r(y) = y + 1. What is the units digit of r(s)?
6
Suppose -613 = -6*k + 197. What is the tens digit of k?
3
Suppose 741 = 7*n - 1002. What is the tens digit of n?
4
Let x be 1 + 1*(-69)/(-3). Suppose 0*v - x = -2*v. What is the units digit of v?
2
Suppose 2*z = -3 - 5. Let c = z + 5. What is the units digit of c?
1
Suppose 6 = k + k. Suppose 4*r + m = 13 - 4, -4*m - 2 = -k*r. Suppose -r*z - 3*d + 2 = -6, 2*z - 8 = d. What is the units digit of z?
4
Let c(y) = -73*y + 6. What is the tens digit of c(-2)?
5
Let k(n) = 5*n**2 + n + 4. What is the tens digit of k(3)?
5
Let b = -17 - -5. Let p be ((-4)/12)/(2/b). What is the units digit of p*(-1)/2*-5?
5
Suppose -l = 3*g - 8, 0 = 3*g - 0*g - 3. Let m be ((-8)/6)/(12/(-18)). What is the units digit of m - (1 - 2)*l?
7
Suppose p = o + 2*p - 5, 5*p = 4*o + 16. Let f = 4 - o. Let t = 6 - f. What is the units digit of t?
3
Suppose 13 = -5*i - 37. What is the units digit of (12/i)/((-6)/45)?
9
Let c = -22 - -24. What is the tens digit of -10*(-5 + (c - 1))?
4
Let l(g) = g - 10. Let s be l(7). Suppose 0 = z - 2*y - 23, 0*z - 110 = -5*z + 5*y. What is the units digit of (-14)/z - 14/s?
4
Suppose y = 2*a - 77, 2*a = 2*y - 0*y + 80. What is the tens digit of 5/(-15) + a/3?
1
Suppose f + 4*x = -0*x + 23, -5*x = -2*f - 6. Suppose 2 + f = v. What is the units digit of v?
9
Suppose 2*k + 0*z + 5*z - 18 = 0, 3*k - 2 = 5*z. Let h(c) = 2*c**2 - 5*c + 3. What is the units digit of h(k)?
5
Let o(a) = -a - 6. Suppose p - 16 - 33 = 5*h, -2*h = -3*p + 95. Let w = 18 - p. What is the units digit of o(w)?
5
What is the tens digit of 1*51 + (-6 - -5)?
5
Let i(s) = -s**2 - 6*s - 4. What is the units digit of i(-5)?
1
Suppose 0 = 4*b - 6 - 2. Let o be (36/15)/(b/5). Suppose -45 = u - o*u. What is the units digit of u?
9
Let j(b) = -b**2 - 6*b - 4. Let m be j(-6). Let x(q) be the first derivative of -q**4/4 - 2*q**3/3 + 2*q**2 - 5*q + 7. What is the units digit of x(m)?
1
Let d(p) = p**3 - 13*p**2 - 5*p + 16. What is the units digit of d(14)?
2
Let y = 43 - 93. What is the units digit of (-5)/(y/(-4))*-5?
2
Suppose 0*t + 2*t = -2744. What is the units digit of 2/11 - t/77?
8
Let p = 14 + -10. Let t(j) = -j - 4. Let c be t(-6). What is the units digit of (3 - p) + 4*c?
7
Suppose -5*g - 2 - 13 = 0. What is the units digit of 35 + (g - (-5 + 4))?
3
Let x(w) = w**3 + 4*w**2 + 2*w + 4. Let g be (-11)/4 + 1/(-4). What is the units digit of x(g)?
7
Suppose -3*o + 23 = -49. What is the units digit of o/(-14)*(-385)/22?
0
Let n(r) = -r + 1. Let o be n(-5). Let m = o + 1. What is the units digit of m?
7
Suppose -11 = 4*i + 4*m - 35, -2*m = 2. What is the units digit of i?
7
Let p = 4 + -2. Let v = 5 - p. Suppose 0 = -v*f + 2 + 10. What is the units digit of f?
4
Suppose -7*z + 2*d = -2*z - 5, 5*d - 25 = 0. Suppose -3*h + z*m = -45, -17 = 2*h - 3*m - 43. What is the units digit of h?
9
Let z(v) = v**2 + 8*v + 5. Let w be 17/(-2) + (-3)/2. What is the tens digit of z(w)?
2
Let p = -10 - -26. Suppose p + 5 = -3*a. Let t = a + 11. What is the units digit of t?
4
Let v(t) = 13*t**2 + 11*t. Let b(i) = 3*i**2 + 3*i. Let j(s) = 9*b(s) - 2*v(s). What is the units digit of j(-7)?
4
Let n(c) = -17*c + 45. What is the tens digit of n(-7)?
6
Suppose -4*y + 109 = -7. Suppose r = -p + 2, 4*p + 2*r - y = 5*r. What is the units digit of p?
5
What is the units digit of (-5)/(-5) - -73 - -4?
8
Let d(l) = -l**2 + 6*l - 6. Let j be d(4). Suppose -t - 20 = -3*v, -t = j*t + 3*v + 12. What is the units digit of 0 - t/(1 + 1)?
4
Let p(x) = x**2 - 5*x + 6. Let k be p(7). Let h = k - -5. What is the units digit of 1*5*30/h?
6
Suppose 8 = a + 2*p - 4*p, -a + 14 = -4*p. Suppose -3*b - 8 = -a*d, 4 = -2*d - 5*b - 20. Let v = 9 + d. What is the units digit of v?
7
Suppose -59 = -n + 125. What is the tens digit of ((-3)/6)/((-2)/n)?
4
Let x(a) = 2*a**2 - 7*a - 1. What is the tens digit of x(5)?
1
Let o = 25 + -25. Suppose -3*w + 267 = 3*v + 2*v, 5*w - 20 = o. What is the units digit of v?
1
Let c(h) = -2*h - 3. Suppose 3*i = 3*f - 9, 0*i - 4*f - 12 = 4*i. What is the units digit of c(i)?
3
Let g be (-1 - -2)/((-1)/6). Let m = 0 - 1. What is the units digit of m/((-9)/g + -2)?
2
Suppose 0 = -3*l + v + 639, -6*l + l + v = -1065. What is the tens digit of l?
1
Let k be (-5)/(-7) + (-4)/(-14). Let l be 0/k - 8/(-2). Suppose l*h - 6*h + 3*n + 5 = 0, h + 5*n = -4. What is the units digit of h?
1
Suppose 5*m = 2*r - 76 + 598, 2*m - 200 = 3*r. What is the hundreds digit of m?
1
Suppose w - 2*m = 1, -w - w - m = -2. What is the tens digit of w/2 + (-84)/(-8)?
1
Suppose -3*r + 650 + 484 = 0. What is the tens digit of r?
7
Let v(b) = b - 2. Suppose -35 = -5*c - h, 2*c + 3*c + 5*h = 55. Let u = 12 - c. What is the units digit of v(u)?
4
Suppose 3*q + 6*b - 2*b - 22 = 0, 3*q - 3*b - 57 = 0. What is the tens digit of q?
1
Let i(n) = 12*n - 3. What is the tens digit of i(6)?
6
Let x = -2 - -6. Let w = 10 + x. What is the units digit of w?
4
Suppose -3 = -2*i - i. Suppose x + i - 3 = 0. What is the units digit of x?
2
Let x be (2/4)/(3/12). Suppose q - x*q + 1 = 0. What is the units digit of q?
1
Let z be ((-8)/(-6))/(4/6). What is the units digit of z*11*3/6?
1
Let w = 13 + -14. What is the tens digit of (2/(-5))/(w/65)?
2
Suppose 3*o - 6 = 2*o - 3*i, -40 = -3*o + 2*i. Let s = 25 - o. What is the tens digit of s?
1
Suppose -2*n - 2*y + 50 = 0, 3*n = -2*n + 4*y + 80. What is the tens digit of n?
2
Let j be 0 - (5 + 1 + -4). What is the units digit of 216/(-16)*j/3?
9
Let g(p) be the third derivative of -1/12*p**4 - 2*p**2 - 1/6*p**3 + 0 + 0*p. What is the units digit of g(-2)?
3
Suppose 2*q + 12 = 32. Suppose 2 = -3*b + 11. Let r = q + b. What is the units digit of r?
3
Let a = -10 + 11. What is the units digit of a?
1
Suppose 0 = 4*f - 125 - 11. What is the tens digit of f?
3
Suppose -9 = -4*u - 5*k + 26, 2*u + 2 = 4*k. Suppose u*w = -3*g + 30, g + 30 = 4*g - w. What is the tens digit of g?
1
Let x(g) = -g**3 + 3*g**2 - g - 2. Let t = -4 + 6. Let a be x(t). Suppose a*l + 15 = 3*l. What is the units digit of l?
5
Let i = 9 - -2. Let y = i - -5. What is the tens digit of y?
1
Suppose -2*h + m + 110 = -h, 3*h - 314 = -5*m. Suppose -h = -4*i + 4*t, 4*i + 5*t - 140 = t. What is the units digit of i?
1
What is the units digit of 2/(-8) - (0 - (-507)/(-12))?
2
Suppose -g + 4*z + 100 = 0, -536 = -5*g + 2*z + 36. Suppose -3*p = 4*a - 88, a - 5*a + 4*p + g = 0. What is the units digit of a?
5
Suppose 7 = -4*m + 27. Suppose 4*x + 4*f + 12 = 0, -f - 1 = -2*x + m. What is the units digit of x?
1
Suppose -5*m + 12 = -6*o + 2*o, -18 = -3*m - 3*o. What is the units digit of m?
4
Let g = 425 + -302. What is the hundreds digit of g?
1
What is the units digit of 47 + -3 + 5 + 1?
0
Let w(u) = 90*u**2 - 5*u - 5. What is the tens digit of w(-1)?
9
Let m be 14/8*(-10 + 6). Let p(j) = -2*j - 10. What is the units digit of p(m)?
4
Suppose 5*b + 1017 = 4*s, -4*b = 4*s + 315 - 1359. What is the hundreds digit of s?
2
Suppose -8*z = -3*z - 10, 0 = n - z. Let f(v) = 0*v - v - 3 + n. What is the units digit of f(-2)?
1
Let k = -6 - -14. Suppose -f = 4*a - 50, 5*f + k = 3*a - 18. What is the tens digit of a?
1
Let s be (-6)/4*(-10)/3. Suppose 0 = -2*i + s*i + 3. What is the units digit of -1 + -1 - (-10 - i)?
7
Let i(q) = -q**2 + q + 1. Let p(o) = -8*o**2 + 9*o + 7. Let r(j) = 6*i(j) - p(j). What is the tens digit of r(-2)?
1
Suppose -5 - 70 = -y. What is the tens digit of y?
7
Let c(j) = -15*j + 1. Let h(x) = 29*x - 1. Let i(u) = 5*c(u) + 3*h(u). What is the units digit of i(2)?
6
Suppose n + 4*j = 1, -35 = -3*n + 4*j - 0. Suppose 0 = -4*x - 3*l + 7*l - 12, -5*l - 3 = x. Let c = x + n. What is the units digit of c?
6
Suppose 4*b - 9 = 115. What is the tens digit of b?
3
Let v(b) = b**3 - 8*b**2. Let o be v(8). Suppose 12*l - 13*l + 38 = o. What is the units digit of l?
8
Let f(t) = 2*t - 15. Let g be f(0). Let m = 19 + g. What is the units digit of m?
4
Suppose -l + 15 = -3*q, 4*l + 4*q - 88 = 2*q. 